common factor of 672 and 25248?
96
What is the greatest common factor of 427986 and 702?
234
What is the highest common divisor of 117164 and 68?
68
Calculate the greatest common factor of 4527 and 396.
9
Calculate the greatest common divisor of 195 and 20605.
65
What is the greatest common divisor of 4794 and 4512?
282
What is the greatest common factor of 5856 and 22692?
732
What is the highest common divisor of 12920 and 47500?
380
Calculate the greatest common divisor of 94076 and 4.
4
What is the greatest common factor of 240 and 1934000?
80
Calculate the greatest common factor of 7111 and 26390.
13
Calculate the greatest common divisor of 162 and 149094.
54
Calculate the highest common factor of 730 and 4430.
10
Calculate the greatest common divisor of 2633178 and 3.
3
Calculate the greatest common factor of 120 and 44463.
3
Calculate the greatest common factor of 381 and 9271.
127
What is the highest common factor of 1534 and 353587?
767
What is the greatest common divisor of 682 and 45074?
62
What is the greatest common factor of 812 and 36?
4
Calculate the highest common divisor of 3995 and 652783.
799
Calculate the highest common factor of 1258032 and 32.
16
What is the highest common factor of 60075 and 3645?
135
Calculate the highest common factor of 62918 and 2509.
193
What is the highest common divisor of 77 and 352297?
11
What is the greatest common divisor of 708 and 236708?
236
Calculate the highest common factor of 149452 and 8.
4
Calculate the highest common divisor of 23498 and 1178.
62
What is the highest common factor of 765600 and 29?
29
What is the highest common divisor of 1793 and 19234?
163
Calculate the greatest common factor of 59569 and 355.
71
Calculate the greatest common factor of 28 and 10533124.
28
Calculate the greatest common divisor of 1337 and 1.
1
Calculate the highest common divisor of 20478 and 18.
6
Calculate the highest common divisor of 18 and 358983.
9
Calculate the greatest common divisor of 16571 and 73.
73
What is the highest common factor of 91 and 126594?
13
What is the highest common factor of 8497 and 29?
29
Calculate the greatest common divisor of 253 and 3703.
23
Calculate the greatest common divisor of 4494 and 4.
2
Calculate the highest common factor of 85 and 629935.
85
Calculate the greatest common factor of 44 and 48400.
44
Calculate the highest common factor of 1557 and 593044.
173
Calculate the greatest common divisor of 1500 and 7776.
12
What is the greatest common factor of 31139 and 1?
1
What is the greatest common factor of 52 and 292253?
13
What is the highest common factor of 28 and 413?
7
Calculate the greatest common factor of 1630 and 606686.
326
Calculate the greatest common divisor of 23258 and 116.
58
Calculate the greatest common divisor of 26478 and 18.
18
What is the greatest common divisor of 467568 and 952?
136
What is the greatest common factor of 284089 and 65?
13
Calculate the highest common factor of 34691 and 565.
113
What is the highest common factor of 423 and 84600?
423
What is the greatest common divisor of 86820 and 348?
12
Calculate the highest common factor of 42 and 1694.
14
What is the highest common factor of 1236286 and 118?
118
Calculate the highest common divisor of 95 and 20102.
19
What is the highest common divisor of 68128 and 256?
32
Calculate the greatest common factor of 15076484 and 68.
68
Calculate the greatest common divisor of 23326 and 535.
107
What is the highest common factor of 171 and 1749273?
57
Calculate the greatest common divisor of 1542 and 1379319.
771
What is the greatest common factor of 3080 and 4130?
70
Calculate the highest common divisor of 246492 and 16974.
738
Calculate the greatest common divisor of 61877 and 387.
43
What is the highest common divisor of 93078 and 477?
9
Calculate the greatest common factor of 126 and 197883.
63
What is the highest common factor of 113922 and 54?
18
Calculate the highest common divisor of 486 and 142218.
18
Calculate the highest common divisor of 2 and 2409.
1
Calculate the highest common factor of 15771 and 357.
21
Calculate the highest common factor of 4706 and 1690.
26
Calculate the greatest common factor of 11550 and 24150.
1050
Calculate the highest common factor of 290 and 597197.
29
Calculate the highest common factor of 7440 and 713.
31
What is the greatest common factor of 4719955 and 508?
127
What is the greatest common factor of 1862 and 4427?
19
What is the greatest common factor of 67 and 56079?
67
Calculate the highest common factor of 17484 and 21948.
372
Calculate the greatest common factor of 3143909 and 2589.
863
What is the greatest common factor of 6832 and 371856?
976
Calculate the greatest common divisor of 135 and 333210.
15
What is the greatest common factor of 2838 and 5280?
66
What is the highest common factor of 7 and 1264144?
7
What is the highest common factor of 325 and 52225?
25
What is the greatest common factor of 154845 and 444?
111
Calculate the highest common divisor of 22705 and 513.
19
What is the highest common divisor of 22 and 1418483?
11
What is the greatest common divisor of 10021 and 72880?
911
What is the greatest common factor of 224 and 31064?
8
What is the greatest common divisor of 89 and 148007?
89
Calculate the highest common divisor of 2055 and 220.
5
Calculate the greatest common factor of 15180 and 517.
11
Calculate the highest common divisor of 716 and 78044.
716
Calculate the highest common factor of 963 and 1113.
3
What is the highest common divisor of 5980 and 40196?
52
What is the highest common divisor of 2205 and 28095?
15
What is the greatest common factor of 286 and 8801?
13
What is the greatest common divisor of 27 and 391869?
9
What is the highest common factor of 182283 and 9?
3
What is the greatest common divisor of 895 and 3311500?
895
What is the greatest common divisor of 7192 and 11368?
232
What is the greatest common factor of 21 and 145992?
21
What is the highest common factor of 476750 and 375?
125
What is the highest common divisor of 54 and 54135?
27
Calculate the highest common divisor of 380 and 7676.
76
What is the highest common factor of 6527 and 10858?
61
What is the highest common divisor of 117 and 36920?
13
What is the greatest common divisor of 223486 and 9383?
853
Calculate the greatest common divisor of 1380 and 12328.
92
Calculate the greatest common factor of 33 and 52239.
33
What is the highest common divisor of 12 and 25932?
12
Calculate the highest common factor of 5359 and 1012.
23
Calculate the highest common factor of 200 and 7775.
25
What is the highest common factor of 42512 and 224?
16
What is the greatest common divisor of 356 and 92738?
178
What is the greatest common factor of 51138 and 45?
9
What is the greatest common divisor of 42 and 182994?
42
What is the highest common divisor of 1207207 and 887?
887
What is the greatest common factor of 8981 and 42?
7
What is the greatest common factor of 197 and 315397?
197
Calculate the highest common divisor of 10775 and 25.
25
Calculate the highest common factor of 3739196 and 8.
4
What is the greatest common divisor of 1900 and 855?
95
Calculate the greatest common divisor of 161925 and 150.
75
What is the highest common divisor of 77671 and 14927?
253
What is the highest common factor of 45471 and 138?
69
Calculate the highest common factor of 1188 and 14499540.
1188
Calculate the greatest common divisor of 392 and 4508.
196
Calculate the greatest common divisor of 3042 and 4329.
117
Calculate the highest common factor of 1744 and 1808.
16
Calculate the highest common factor of 91 and 16185.
13
What is the greatest common divisor of 145 and 17342?
29
What is the greatest common factor of 33 and 84546?
33
Calculate the greatest common divisor of 80 and 18060.
20
What is the highest common factor of 24210 and 558?
18
Calculate the highest common divisor of 69840 and 3168.
144
Calculate the highest common divisor of 5369 and 30121.
91
Calculate the highest common factor of 10200 and 84864.
408
What is the highest common factor of 581003 and 46?
23
What is the highest common divisor of 6 and 1437402?
6
Calculate the greatest common factor of 112052 and 5777.
109
Calculate the highest common divisor of 7735 and 1539860.
595
Calculate the g